
102
What is -3 (base 4) in base 16?
-3
101012 (base 3) to base 4
10103
What is 4 (base 7) in base 4?
10
-11 (base 3) to base 6
-4
What is 4 (base 7) in base 3?
11
Convert -16 (base 7) to base 9.
-14
220 (base 3) to base 12
20
Convert 220 (base 11) to base 10.
264
Convert -2 (base 13) to base 3.
-2
4 (base 12) to base 16
4
-34 (base 11) to base 9
-41
35 (base 9) to base 14
24
Convert 3 (base 14) to base 13.
3
Convert 3 (base 9) to base 16.
3
12 (base 5) to base 6
11
13 (base 7) to base 3
101
-8 (base 10) to base 4
-20
Convert 2 (base 3) to base 13.
2
What is -61 (base 7) in base 3?
-1121
Convert 33 (base 4) to base 15.
10
-82 (base 11) to base 9
-110
What is -3e (base 16) in base 15?
-42
Convert 2 (base 3) to base 12.
2
-4 (base 10) to base 6
-4
Convert -15 (base 7) to base 4.
-30
Convert 1 (base 15) to base 2.
1
What is -13 (base 4) in base 10?
-7
5 (base 7) to base 16
5
Convert -12 (base 3) to base 5.
-10
Convert -1234 (base 6) to base 8.
-466
What is 0 (base 4) in base 10?
0
-21 (base 3) to base 2
-111
What is -201 (base 3) in base 15?
-14
What is -10 (base 7) in base 8?
-7
-3 (base 13) to base 14
-3
Convert -2221 (base 3) to base 8.
-117
100000000 (base 2) to base 5
2011
-3 (base 10) to base 12
-3
What is 13 (base 9) in base 11?
11
What is 3 (base 15) in base 12?
3
a (base 15) to base 13
a
-44 (base 6) to base 3
-1001
Convert 0 (base 12) to base 13.
0
20000 (base 3) to base 2
10100010
What is -15 (base 15) in base 11?
-19
Convert 7 (base 16) to base 7.
10
What is 14 (base 6) in base 16?
a
-20 (base 13) to base 6
-42
1111 (base 2) to base 4
33
Convert -2 (base 6) to base 8.
-2
Convert -3 (base 7) to base 12.
-3
ba (base 16) to base 3
20220
What is 23 (base 16) in base 10?
35
What is -1 (base 14) in base 3?
-1
2 (base 16) to base 3
2
-20 (base 5) to base 12
-a
Convert 0 (base 5) to base 15.
0
What is -2c (base 15) in base 14?
-30
What is -13 (base 7) in base 16?
-a
What is 0 (base 16) in base 2?
0
0 (base 12) to base 16
0
What is 13 (base 5) in base 3?
22
171 (base 8) to base 15
81
1 (base 2) to base 5
1
Convert -30 (base 4) to base 3.
-110
Convert -24 (base 5) to base 12.
-12
Convert 7 (base 14) to base 9.
7
What is 0 (base 4) in base 15?
0
What is 2 (base 11) in base 15?
2
Convert 0 (base 10) to base 2.
0
Convert -20 (base 3) to base 9.
-6
Convert -26 (base 16) to base 13.
-2c
What is -23 (base 10) in base 11?
-21
What is 1 (base 11) in base 8?
1
Convert -20 (base 3) to base 9.
-6
Convert 31 (base 14) to base 4.
223
Convert 1b (base 16) to base 7.
36
What is -1 (base 5) in base 16?
-1
What is 21 (base 10) in base 16?
15
100010001 (base 2) to base 4
10101
What is -11110111 (base 2) in base 10?
-247
What is 100 (base 2) in base 10?
4
111 (base 3) to base 16
d
-171 (base 14) to base 9
-357
What is -5e (base 16) in base 2?
-1011110
1 (base 15) to base 9
1
What is 31 (base 8) in base 5?
100
What is -112 (base 4) in base 6?
-34
-100 (base 10) to base 11
-91
Convert -214 (base 6) to base 16.
-52
4 (base 12) to base 5
4
Convert 3 (base 16) to base 9.
3
What is -117 (base 13) in base 10?
-189
What is 1102 (base 3) in base 5?
123
Convert 11 (base 5) to base 6.
10
Convert -91 (base 15) to base 14.
-9a
Convert -8 (base 13) to base 14.
-8
-3 (base 7) to base 8
-3
2 (base 8) to base 2
10
What is -3 (base 8) in base 10?
-3
Convert 1 (base 7) to base 14.
1
Convert 1010101 (base 2) to base 11.
78
-111 (base 7) to base 3
-2010
-34 (base 15) to base 12
-41
What is 0 (base 11) in base 16?
0
Convert -8 (base 16) to base 13.
-8
What is 2 (base 10) in base 4?
2
Convert -1 (base 16) to base 3.
-1
222 (base 3) to base 10
26
Convert 1210 (base 4) to base 14.
72
What is -11 (base 3) in base 9?
-4
Convert -302 (base 4) to base 11.
-46
What is 2201 (base 3) in base 8?
111
330 (base 4) to base 9
66
2 (base 6) to base 11
2
Convert 1e (base 15) to base 7.
41
Convert -1 (base 12) to base 7.
-1
Convert 5 (base 9) to base 7.
5
Convert 231 (base 5) to base 11.
60
What is -65 (base 8) in base 16?
-35
5 (base 6) to base 3
12
What is 7a (base 12) in base 6?
234
Convert -63 (base 15) to base 4.
-1131
Convert -95 (base 12) to base 3.
-11012
What is 21 (base 16) in base 2?
100001
Convert 1 (base 9) to base 6.
1
What is -110 (base 2) in base 15?
-6
Convert 1 (base 8) to base 9.
1
Convert -4 (base 8) to base 13.
-4
-15 (base 8) to base 5
-23
101110 (base 2) to base 5
141
38 (base 15) to base 9
58
What is 64 (base 12) in base 4?
1030
Convert 43 (base 15) to base 5.
223
What is -21012 (base 3) in base 6?
-522
What is 29 (base 14) in base 3?
1101
What is -3 (base 13) in base 7?
-3
What is 41 (base 5) in base 10?
21
-4 (base 12) to base 13
-4
What is 344 (base 6) in base 4?
2020
-2 (base 10) to base 13
-2
-1010 (base 2) to base 14
-a
Convert 2 (base 7) to base 4.
2
What is -83 (base 12) in base 10?
-99
Convert 18 (base 13) to base 4.
111
What is -12 (base 9) in base 15?
-b
232 (base 13) to base 11
315
Convert 203 (base 4) to base 3.
1022
5 (base 12) to base 15
5
What is -5d (base 15) in base 11?
-80
What is 337 (base 8) in base 6?
1011
What is 12222 (base 3) in base 6?
425
What is -54 (base 10) in base 3?
-2000
Convert -3 (base 11) to base 4.
-3
3 (base 14) to base 11
3
What is -63 (base 9) in base 3?
-2010
Convert 3 (base 12) to base 10.
3
What is 26 (base 9) in base 2?
11000
-21 (base 10) to base 15
-16
-31 (base 9) to base 7
-40
What is -17 (base 9) in base 2?
-10000
211 (base 3) to base 10
22
What is -3 (base 12) in base 16?
-3
What is -20 (base 6) in base 14?
-c
Convert 18 (base 11) to base 10.
19
1 (base 12) to base 10
1
What is 34 (base 7) in base 6?
41
Convert 1020 (base 3) to base 11.
30
Convert 1 (base 6) to base 7.
1
What is -6 (base 15) in base 8?
-6
Convert -3 (base 14) to base 15.
-3
What is 140 (base 9) in base 2?
1110101
Convert 4c (base 16) to base 6.
204
Convert -106 (base 7) to base 16.
-37
Convert 124 (base 14) to base 9.
273
121 (base 5) to base 13
2a
22 (base 10) to base 5
42
Convert -65 (base 7) to base 6.
-115
What is 1 (base 4) in base 7?
1
Convert -4 (base 10) to base 8.
-4
What is -43 (base 13) in base 4?
-313
Convert 0 (base 15) to base 3.
0
Convert -2 (base 14) to base 11.
-2
-7 (base 11) to base 8
-7
What is 0 (base 8) in base 15?
0
21 (base 5) to base 15
b
0 (base 4) to base 7
0
What is 9 (base 10) in base 12?
9
What is 3 (base 13) in base 4?
3
What is -3 (base 7) in base 10?
-3
Convert -3 (base 15) to base 12.
-3
-101 (base 3) to base 15
-a
-1000 (base 2) to base 7
-11
20 (base 4) to base 11
8
Convert 0 (base 13) to base 11.
0
What is 1 (base 15) in base 12?
1
0 (base 13) to base 8
0
Convert -73 (base 8) to base 16.
-3b
Convert -3 (base 10) to base 12.
-3
Convert 213 (base 9) to base 5.
1144
What is 3 (base 5) in base 8?
3
-1011001 (base 2) to base 14
-65
-b (base 13) to base 14
-b
201 (base 6) to base 11
67
What is -1100001 (base 2) in base 13?
-76
What is 3112 (base 4) in base 5?
1324
6 (base 8) to base 3
20
Convert 2 (base 8) to base 14.
2
What is -6 (base 7) in base 3?
-20
101 (base 2) to base 12
5
What is 0 (base 11) in base 15?
0
What is 1c (base 16) in base 8?
34
-64 (base 14) to base 15
-5d
Convert 6 (base 14) to base 5.
11
5 (base 11) to base 15
5
What is -10 (base 6) in base 14?
-6
What is -102 (base 3) in base 4?
-23
What is 13 (base 9) in base 15?
c
-ac (base 16) to base 9
-211
What is b (base 14) in base 16?
b
Convert -4 (base 15) to base 16.
-4
Convert b (base 14) to base 6.
15
What is 25 (base 10) in base 14?
1b
What is 11 (base 2) in base 14?
3
Convert -9 (base 12) to base 6.
-13
Convert 34 (base 7) to base 10.
25
-10 (base 9) to base 6
-13
Convert -2 (base 7) to base 15.
-2
What is -35 (base 7) in base 14?
-1c
Convert 3 (base 4) to base 11.
3
What is -21 (base 11) in base 12?
-1b
211 (base 3) to base 11
20
What is -1 (base 12) in base 6?
-1
Convert -1 (base 10) to base 8.
-1
3 (base 7) to base 2
11
What is -101120 (base 3) in base 4?
-10131
Convert -100 (base 2) to base 8.
-4
What is 157 (base 13) in base 2?
11110001
Convert 11 (base 2) to base 9.
3
-12 (base 10) to base 13
-c
Convert -10 (base 15) to base 9.
-16
What is -273 (base 8) in base 3?
-20221
122 (base 6) to base 2
110010
36 (base 12) to base 13
33
-5 (base 8) to base 4
-11
-18 (base 15) to base 6
-35
Convert 21 (base 13) to base 3.
1000
Convert 265 (base 9) to base 12.
165